, 17, 1663
What are the prime factors of 174333?
3, 58111
List the prime factors of 2007829.
59, 34031
What are the prime factors of 1238806?
2, 167, 3709
What are the prime factors of 3258032?
2, 203627
What are the prime factors of 705647?
353, 1999
What are the prime factors of 3827170?
2, 5, 19, 20143
What are the prime factors of 247724?
2, 17, 3643
What are the prime factors of 34844?
2, 31, 281
What are the prime factors of 185517?
3, 6871
List the prime factors of 321435.
3, 5, 2381
What are the prime factors of 27703241?
27703241
What are the prime factors of 1022770?
2, 5, 7, 19, 769
What are the prime factors of 1028752?
2, 113, 569
What are the prime factors of 1367792?
2, 85487
What are the prime factors of 374421?
3, 137, 911
List the prime factors of 806614.
2, 47, 8581
List the prime factors of 20353860.
2, 3, 5, 73, 1549
What are the prime factors of 450386?
2, 23, 9791
What are the prime factors of 317581?
11, 28871
List the prime factors of 1498677.
3, 499559
What are the prime factors of 587948?
2, 146987
What are the prime factors of 603275?
5, 59, 409
List the prime factors of 4205593.
7, 19, 103, 307
List the prime factors of 200336.
2, 19, 659
List the prime factors of 1688967.
3, 7, 17, 19, 83
What are the prime factors of 22068516?
2, 3, 17, 108179
What are the prime factors of 11444566?
2, 7, 419, 1951
List the prime factors of 387689.
59, 6571
What are the prime factors of 400911?
3, 7, 17, 1123
List the prime factors of 4131694.
2, 7, 421, 701
List the prime factors of 1090037.
13, 191, 439
What are the prime factors of 2069763?
3, 689921
List the prime factors of 5644269.
3, 23, 61, 149
List the prime factors of 5504951.
53, 103867
What are the prime factors of 318097?
13, 24469
What are the prime factors of 420377?
163, 2579
List the prime factors of 127207.
127207
List the prime factors of 870872.
2, 23, 4733
List the prime factors of 409.
409
What are the prime factors of 157043?
97, 1619
List the prime factors of 670291.
53, 12647
What are the prime factors of 633494?
2, 73, 4339
List the prime factors of 6567250.
2, 5, 109, 241
List the prime factors of 300914.
2, 43, 3499
List the prime factors of 3073915.
5, 13, 19, 131
What are the prime factors of 3568357?
13, 274489
List the prime factors of 2098202.
2, 1049101
List the prime factors of 6487584.
2, 3, 67579
List the prime factors of 276683.
11, 25153
List the prime factors of 137732.
2, 7, 4919
List the prime factors of 29063536.
2, 23, 78977
List the prime factors of 17852894.
2, 19, 79, 313
List the prime factors of 415618.
2, 7, 4241
What are the prime factors of 1325326?
2, 19, 34877
What are the prime factors of 20822915?
5, 4164583
List the prime factors of 7896255.
3, 5, 149, 3533
List the prime factors of 14322.
2, 3, 7, 11, 31
List the prime factors of 592590.
2, 3, 5, 19753
What are the prime factors of 721152?
2, 3, 313
List the prime factors of 289299.
3, 73, 1321
What are the prime factors of 3745295?
5, 229, 3271
List the prime factors of 2319502.
2, 73, 15887
List the prime factors of 1020570.
2, 3, 5, 34019
List the prime factors of 97650.
2, 3, 5, 7, 31
List the prime factors of 2766810.
2, 3, 5, 92227
What are the prime factors of 313441?
31, 10111
What are the prime factors of 4298243?
31, 61, 2273
List the prime factors of 349057.
113, 3089
What are the prime factors of 91224?
2, 3, 7, 181
List the prime factors of 210187.
210187
List the prime factors of 823670.
2, 5, 31, 2657
What are the prime factors of 455774?
2, 11, 20717
List the prime factors of 1620135.
3, 5, 11, 1091
What are the prime factors of 19347036?
2, 3, 179, 9007
What are the prime factors of 2411387?
11, 219217
What are the prime factors of 2160016?
2, 127, 1063
What are the prime factors of 5108024?
2, 17, 23, 71
List the prime factors of 200969.
73, 2753
List the prime factors of 320283.
3, 19, 1873
List the prime factors of 17377410.
2, 3, 5, 127, 4561
What are the prime factors of 731477?
97, 7541
List the prime factors of 486390.
2, 3, 5, 31, 523
List the prime factors of 433594.
2, 7, 30971
What are the prime factors of 284334?
2, 3, 47389
What are the prime factors of 442391?
17, 53, 491
List the prime factors of 141176.
2, 7, 2521
List the prime factors of 616682.
2, 11, 28031
What are the prime factors of 12616?
2, 19, 83
What are the prime factors of 20826934?
2, 41, 253987
What are the prime factors of 225837?
3, 23, 1091
List the prime factors of 4851464.
2, 606433
What are the prime factors of 101460?
2, 3, 5, 19, 89
What are the prime factors of 574599?
3, 191533
What are the prime factors of 9279867?
3, 373, 8293
List the prime factors of 547562.
2, 43, 6367
List the prime factors of 1270754.
2, 41, 15497
List the prime factors of 2072722.
2, 31, 101, 331
List the prime factors of 260103.
3, 277, 313
What are the prime factors of 4488487?
4488487
List the prime factors of 1672860.
2, 3, 5, 7, 569
What are the prime factors of 2963743?
2963743
List the prime factors of 261741.
3, 43, 2029
What are the prime factors of 2729?
2729
List the prime factors of 913351.
47, 19433
What are the prime factors of 2059430?
2, 5, 41, 5023
What are the prime factors of 232701?
3, 7, 1583
List the prime factors of 1553816.
2, 11, 17657
What are the prime factors of 788485?
5, 31, 5087
List the prime factors of 3158089.
11, 287099
List the prime factors of 405400.
2, 5, 2027
What are the prime factors of 494153?
11, 167, 269
List the prime factors of 25764111.
3, 103, 27793
What are the prime factors of 503238?
2, 3, 83873
List the prime factors of 11939555.
5, 2387911
What are the prime factors of 495523?
7, 29, 2441
List the prime factors of 84032.
2, 13, 101
What are the prime factors of 1172846?
2, 41, 14303
List the prime factors of 9213393.
3, 7, 438733
What are the prime factors of 11121677?
7, 59, 3847
What are the prime factors of 712882?
2, 356441
List the prime factors of 2871118.
2, 1435559
What are the prime factors of 2540375?
5, 20323
What are the prime factors of 577997?
7, 82571
List the prime factors of 581212.
2, 145303
List the prime factors of 410705.
5, 82141
List the prime factors of 878209.
23, 38183
What are the prime factors of 18686451?
3, 7, 17, 3079
List the prime factors of 482660.
2, 5, 24133
List the prime factors of 629808.
2, 3, 13121
What are the prime factors of 12915948?
2, 3, 1076329
What are the prime factors of 34410381?
3, 11470127
What are the prime factors of 248370?
2, 3, 5, 17, 487
What are the prime factors of 29989182?
2, 3, 19, 263063
What are the prime factors of 382898?
2, 191449
List the prime factors of 148630.
2, 5, 89, 167
List the prime factors of 1703820.
2, 3, 5, 73, 389
List the prime factors of 2224278.
2, 3, 7, 127, 139
List the prime factors of 5816082.
2, 3, 969347
What are the prime factors of 1508860?
2, 5, 37, 2039
List the prime factors of 145519.
11, 13229
What are the prime factors of 8357057?
8357057
List the prime factors of 479884.
2, 119971
List the prime factors of 1982570.
2, 5, 198257
What are the prime factors of 3174077?
577, 5501
List the prime factors of 1689883.
13, 61, 2131
List the prime factors of 287536.
2, 17971
List the prime factors of 278945.
5, 47, 1187
List the prime factors of 948167.
11, 86197
What are the prime factors of 4278086?
2, 2139043
What are the prime factors of 497462?
2, 7, 35533
What are the prime factors of 16905755?
5, 3381151
What are the prime factors of 1226266?
2, 487, 1259
List the prime factors of 750990.
2, 3, 5, 25033
List the prime factors of 1641996.
2, 3, 17, 2683
What are the prime factors of 1350695?
5, 151, 1789
What are the prime factors of 2671615?
5, 534323
What are the prime factors of 191735?
5, 31, 1237
What are the prime factors of 7161227?
73, 263, 373
List the prime factors of 9642932.
2, 13, 185441
List the prime factors of 725031.
3, 8951
What are the prime factors of 329789?
329789
What are the prime factors of 8381164?
2, 11, 67, 2843
What are the prime factors of 176556?
2, 3, 14713
List the prime factors of 71799.
3, 7, 13, 263
What are the prime factors of 1374984?
2, 3, 13, 113
What are the prime factors of 110331?
3, 13, 23, 41
What are the prime factors of 3468230?
2, 5, 73, 4751
What are the prime factors of 1037106?
2, 3, 7